50?
0
What is the hundred millions digit of 369988547?
3
What is the millions digit of 948130553?
8
What is the hundred thousands digit of 49973955?
9
What is the units digit of 220714638?
8
What is the hundred thousands digit of 66808325?
8
What is the thousands digit of 8715678?
5
What is the hundred thousands digit of 8909996024?
9
What is the hundred millions digit of 364836830?
3
What is the millions digit of 519799734?
9
What is the ten thousands digit of 397946801?
4
What is the units digit of 129358656?
6
What is the thousands digit of 15138610?
8
What is the units digit of 317898583?
3
What is the ten thousands digit of 45208454?
0
What is the thousands digit of 277050624?
0
What is the millions digit of 2343772789?
3
What is the hundreds digit of 57281228?
2
What is the hundred thousands digit of 1506678450?
6
What is the tens digit of 125298700?
0
What is the ten millions digit of 19858922?
1
What is the thousands digit of 7595379373?
9
What is the hundred millions digit of 171683707?
1
What is the units digit of 3333806095?
5
What is the ten thousands digit of 172019362?
1
What is the hundreds digit of 122613344?
3
What is the ten thousands digit of 47571284?
7
What is the hundreds digit of 253202582?
5
What is the hundreds digit of 70246032?
0
What is the ten thousands digit of 3023676868?
7
What is the thousands digit of 51776341?
6
What is the millions digit of 115284318?
5
What is the ten millions digit of 182150847?
8
What is the ten millions digit of 5601201811?
0
What is the hundreds digit of 430223554?
5
What is the thousands digit of 1155700238?
0
What is the ten thousands digit of 115311364?
1
What is the thousands digit of 40841502?
1
What is the billions digit of 1360726544?
1
What is the thousands digit of 73209988?
9
What is the hundred thousands digit of 126012291?
0
What is the ten millions digit of 162037844?
6
What is the units digit of 87912809?
9
What is the thousands digit of 26995661?
5
What is the millions digit of 43158118?
3
What is the ten thousands digit of 5880174?
8
What is the units digit of 3551646918?
8
What is the hundred thousands digit of 213016737?
0
What is the hundred thousands digit of 8033363?
0
What is the tens digit of 2271321428?
2
What is the ten thousands digit of 822356762?
5
What is the tens digit of 102155703?
0
What is the units digit of 26661830?
0
What is the billions digit of 4179878239?
4
What is the tens digit of 1498907754?
5
What is the units digit of 1633097320?
0
What is the tens digit of 430539283?
8
What is the millions digit of 44292952?
4
What is the ten thousands digit of 684833191?
3
What is the units digit of 520967447?
7
What is the hundreds digit of 791383664?
6
What is the hundreds digit of 31292645?
6
What is the hundreds digit of 332787363?
3
What is the ten millions digit of 124052756?
2
What is the thousands digit of 308849869?
9
What is the hundreds digit of 236234492?
4
What is the hundred thousands digit of 2251705494?
7
What is the hundreds digit of 5552744165?
1
What is the millions digit of 415509508?
5
What is the hundreds digit of 633280422?
4
What is the ten thousands digit of 26228538?
2
What is the millions digit of 3314699993?
4
What is the hundreds digit of 81240756?
7
What is the millions digit of 45098813?
5
What is the tens digit of 346370212?
1
What is the ten thousands digit of 2738949892?
4
What is the tens digit of 99741204?
0
What is the hundreds digit of 164805594?
5
What is the thousands digit of 63584146?
4
What is the millions digit of 83141261?
3
What is the tens digit of 9596638?
3
What is the tens digit of 2864831356?
5
What is the hundred thousands digit of 269060870?
0
What is the hundred thousands digit of 46628750?
6
What is the tens digit of 88271730?
3
What is the millions digit of 99846520?
9
What is the thousands digit of 182005303?
5
What is the thousands digit of 1070227?
0
What is the hundred thousands digit of 6290096111?
0
What is the hundreds digit of 3768782356?
3
What is the thousands digit of 42590277?
0
What is the units digit of 185378040?
0
What is the tens digit of 36809477?
7
What is the ten thousands digit of 20616889?
1
What is the billions digit of 4765391228?
4
What is the hundred millions digit of 3606668300?
6
What is the hundred thousands digit of 2802864469?
8
What is the hundred thousands digit of 723447196?
4
What is the units digit of 1119691161?
1
What is the hundreds digit of 95107338?
3
What is the hundreds digit of 456901762?
7
What is the millions digit of 65277443?
5
What is the hundreds digit of 56419644?
6
What is the units digit of 6118853174?
4
What is the units digit of 2266432346?
6
What is the tens digit of 42843330?
3
What is the hundred thousands digit of 3183110326?
1
What is the units digit of 49737173?
3
What is the hundreds digit of 422908091?
0
What is the tens digit of 218419139?
3
What is the hundred millions digit of 381788328?
3
What is the ten millions digit of 1006551501?
0
What is the ten millions digit of 305534318?
0
What is the hundreds digit of 18611627?
6
What is the millions digit of 1221365124?
1
What is the ten thousands digit of 238665283?
6
What is the billions digit of 5204122609?
5
What is the millions digit of 60010645?
0
What is the thousands digit of 947128765?
8
What is the units digit of 13043204?
4
What is the tens digit of 298093448?
4
What is the hundred thousands digit of 359088995?
0
What is the tens digit of 923581?
8
What is the ten thousands digit of 1975401566?
0
What is the tens digit of 34561732?
3
What is the thousands digit of 454974129?
4
What is the hundred thousands digit of 598729007?
7
What is the ten thousands digit of 171033284?
3
What is the thousands digit of 201030600?
0
What is the thousands digit of 16628963?
8
What is the tens digit of 478172963?
6
What is the thousands digit of 28034100?
4
What is the hundred thousands digit of 2323126830?
1
What is the hundreds digit of 5401172?
1
What is the ten thousands digit of 238567211?
6
What is the millions digit of 50823310?
0
What is the millions digit of 292200519?
2
What is the millions digit of 22753760?
2
What is the hundreds digit of 200112258?
2
What is the millions digit of 786023207?
6
What is the hundred thousands digit of 149665871?
6
What is the ten millions digit of 128546336?
2
What is the ten millions digit of 2544450069?
4
What is the ten millions digit of 805058687?
0
What is the units digit of 1562992253?
3
What is the thousands digit of 507308791?
8
What is the hundreds digit of 811966617?
6
What is the ten millions digit of 1701637575?
0
What is the ten thousands digit of 4735831957?
3
What is the tens digit of 35410877?
7
What is the tens digit of 646700321?
2
What is the units digit of 331644383?
3
What is the hundred thousands digit of 122212404?
2
What is the ten millions digit of 3159899831?
5
What is the millions digit of 88310810?
8
What is the billions digit of 1007725001?
1
What is the units digit of 1269273527?
7
What is the ten thousands digit of 2146006?
4
What is the tens digit of 440429644?
4
What is the tens digit of 11532516?
1
What is the hundreds digit of 836837313?
3
What is the hundreds digit of 71722299?
2
What is the ten millions digit of 284682328?
8
What is the hundreds digit of 808107435?
4
What is the thousands digit of 1604888407?
8
What is the hundred millions digit of 470143123?
4
What is the thousands digit of 73311613?
1
What is the ten thousands digit of 1001223248?
2
What is the tens digit of 8453937?
3
What is the units digit of 71388401?
1
What is the thousands digit of 3026162689?
2
What is the ten millions digit of 3919889458?
1
What is the thousands digit of 14031916?
1
What is the units digit of 44035613?
3
What is the millions digit of 1283283149?
3
What is the millions digit of 97549350?
7
What is the hundred thousands digit of 246796889?
7
What is the hundreds digit of 305456183?
1
What is the ten millions digit of 1377853293?
7
What is the ten thousands digit of 16863885?
6
What is the hundreds digit of 79500240?
2
What is the ten thousands digit of 7317854052?
5
What is the units digit of 320301695?
5
What is the hundreds digit of 249527305?
3
What is the millions digit of 1632910106?
2
What is the units digit of 4970794